q - 2954 = 43*q. List the prime factors of k.
739
Let d = -78 - -55. Let q = -21 - d. Suppose x = f + 132, 5*x - q*f + 70 = 739. What are the prime factors of x?
3, 5
Let m(s) = 255*s**3 - 2*s**2 + 23*s - 73. What are the prime factors of m(5)?
11, 2897
Suppose -24 = 26*t - 30*t. What are the prime factors of 46*t/(-48)*-8?
2, 23
Let m(u) = 6*u + 15. Let c be -41 - 0/(3 + -4). Let r = 49 + c. List the prime factors of m(r).
3, 7
Suppose -417 = -9*x + 339. Suppose -f + 19 = -x. List the prime factors of f.
103
Suppose 3*v = -12*v + 2685. Suppose 3*y + 3*d = -216, -321 = 5*y - 2*d + 11. Let u = y + v. List the prime factors of u.
3, 37
Let h = -708 - -712. List the prime factors of ((-109)/h)/((-5)/200).
2, 5, 109
Suppose -5*f = -s - 255713, -7*f = -13*s + 9*s - 357993. List the prime factors of f.
199, 257
Let q(i) be the first derivative of i**4/4 - 2*i**3 + 4*i**2 - 3*i + 7. Let p be q(5). List the prime factors of 4/(p/399) + 9/(-3).
2, 5, 13
Suppose 20*n - 7 - 13 = 0. Let l(z) = 5*z**2 - 1. List the prime factors of l(n).
2
Let r = -10040 + 14392. What are the prime factors of r?
2, 17
Suppose -26*r = 11*r. Suppose -4*j - 190 = -9*j - 5*l, r = -2*j - 5*l + 61. What are the prime factors of j?
43
Suppose -4*n + 6 = -w, 4*w = -2*n - w + 14. Suppose 0 = -n*f - f. Suppose -18 = -2*i - b, -42 = -5*i - f*b - 4*b. What are the prime factors of i?
2, 5
Let w(h) be the first derivative of 31*h - 28*h + h**2 + 4*h**3 - 3*h**3 + 27. List the prime factors of w(-5).
2, 17
Suppose 31*o = -2458 + 8813. Let q = -2 - -1. What are the prime factors of (-5 - (o - -2))*q?
2, 53
Let r(c) = -6*c**3 - 3*c - 20. Let k(n) = n**3 - 2*n**2 + 1. Let y(o) = 5*k(o) + r(o). What are the prime factors of y(-12)?
3, 103
What are the prime factors of -9 + (19 - 11 - -2048)?
23, 89
Suppose 0 = -t - 4*y + 184, -5*t + 919 = y + 113. What are the prime factors of t?
2, 5
Suppose 2*t - 16*g + 20*g = 174, 4*g + 396 = 4*t. Suppose u = t + 65. What are the prime factors of u?
2, 5
Let u(m) = m**2 + 21*m - 52. Let s be u(-23). List the prime factors of ((-261)/(-6) - 3) + 3/s.
2, 5
Let h(z) = 14*z - 10. Let m be h(33). Let k = m - 124. What are the prime factors of k?
2, 41
Suppose -44277 = -7*y + 4926. List the prime factors of y.
3, 11, 71
Suppose 6 = -1268*z + 1270*z, 3*l = -4*z + 82944. List the prime factors of l.
2, 6911
Let a(p) = 100*p**2 - 85*p**2 - 173 + 11*p - 3*p. What are the prime factors of a(9)?
2, 557
Let w(c) = c**3 + c**2 + c + 9. Let h be w(0). Let m = h + -4. Let k(u) = 2*u**3 - 7*u**2 - 3*u + 7. List the prime factors of k(m).
67
Suppose 3*y = -11*y + 882. Suppose 11 - 3 = 4*d. Suppose y = -d*h + 5*h. List the prime factors of h.
3, 7
Let t(p) = -27*p**3 + 26*p**2 + 7*p + 153. List the prime factors of t(-7).
10639
Suppose 100061 + 203053 = 27*f + 15*f. List the prime factors of f.
7, 1031
Let u be -2*1*(-497)/14. Suppose 5*d - u = 59. Suppose -35*n + 1737 = -d*n. List the prime factors of n.
193
Suppose -37 = -3*c + 26. Let l = -14 - c. Let v = 7 - l. List the prime factors of v.
2, 3, 7
Let b be (-44148)/(-130) - 6/10. Suppose 0 = 2*z - 107 - b. List the prime factors of z.
223
Let r be (39 + -2)/(-3 + 4 + 0). Let t = r - -279. List the prime factors of t.
2, 79
Let f = -168 - 209. Let z = -223 - f. Let w = z - 29. What are the prime factors of w?
5
Let v(b) = 21*b**3 + 4*b**2 - 9*b + 15. Let l be -9 + 20 - 16 - (-7 - 1). List the prime factors of v(l).
3, 197
List the prime factors of 7156/8*(36 + -9 + 7).
17, 1789
Suppose -5*c + c + 77 = 3*h, 5*c + h - 99 = 0. List the prime factors of (c - -35)*(-27)/(-3).
3, 5, 11
Suppose 109*p - 6344968 = -0*p - 7*p. List the prime factors of p.
2, 7, 3907
Let b be 924 + 13/((-117)/(-36)). Let j = b - 392. List the prime factors of j.
2, 67
Let u(o) = -211*o + 1146. What are the prime factors of u(-5)?
31, 71
Let l(d) = 10*d**2 + 9*d - 17. Let u = 118 - 130. Let q be l(u). Suppose q = 8*s - 109. List the prime factors of s.
2, 89
Let x = 15242 + 21407. What are the prime factors of x?
67, 547
Let p(y) = -25*y**3 + y**2 - 18*y - 9. Let o be p(-9). What are the prime factors of 20/50 + o/15?
1231
Suppose 60*w = 58*w - 844. Let u = 738 + w. What are the prime factors of u?
2, 79
Suppose p + 233 = -9. Let d = 917 + p. What are the prime factors of d?
3, 5
Let o be (-2)/(-3)*(-7335)/30. Let l be (-17)/((-26)/(-28) + -1). Let h = l + o. List the prime factors of h.
3, 5
Let p(g) = g**3 - 7*g**2 + 8*g - 15. Let y be p(7). Let d = 85 - y. Suppose -25 - d = -3*x. What are the prime factors of x?
23
Let n(w) = 19*w + 61. Let h be n(-12). Let c = 335 + h. List the prime factors of c.
2, 3, 7
Let v = 107 + -107. Let y = -11 + 16. Suppose v = -y*x - 118 + 433. What are the prime factors of x?
3, 7
Let y = 124 - 121. Let d(c) be the second derivative of -c**5/20 + 5*c**4/12 - c**3/3 + c**2/2 - c. List the prime factors of d(y).
13
Let p be (-64)/((-6)/(-12) - 1). Suppose -i - p = -d, -6*d + 3*i = -7*d + 148. What are the prime factors of d?
7, 19
Suppose 5*n + 3*f = 1590, -n + 2*f + 0*f = -331. Suppose -n + 21 = -3*p. List the prime factors of p.
2, 5
Let f = 40 + -36. Suppose 13*r - 5525 = -f*r. What are the prime factors of r?
5, 13
Let g = 4924 - 4883. Let u be (-1 - -2) + 1*-1. Let j = g + u. List the prime factors of j.
41
Suppose 1547 = 93*t - 80*t. What are the prime factors of t?
7, 17
Let w(a) = 45*a - 23. Let y(s) = -11*s + 6. Suppose -5*h + x + 40 = 3*x, -2*h - 13 = -5*x. Let v(d) = h*w(d) + 22*y(d). What are the prime factors of v(2)?
2, 5
Let u(y) = 12 + 0 - 242*y + 8*y + 54*y. List the prime factors of u(-1).
2, 3
Let s be (-38)/2*3/(-15)*5. Suppose -s*r = 2*r - 18648. List the prime factors of r.
2, 3, 37
Let i(p) = p**3 - 13*p**2 + 7*p - 34. Let m be i(13). Suppose -71 = 4*x - 19. Let f = x + m. List the prime factors of f.
2, 11
Suppose 3*n - 10*n + 749 = 0. Let g = n + -88. List the prime factors of g.
19
Suppose 2*j + 10269 + 27797 = 4*k, 3*j = 2*k - 19027. What are the prime factors of k?
2, 4759
Suppose 0 = -2*r - 2*r - 16, -2*r = 5*o + 633. List the prime factors of o*(-1 + 9/15).
2, 5
Suppose 522452 = 119*b + 428718 - 1986505. What are the prime factors of b?
3, 5827
Suppose -100*m + 290360 = -229440. List the prime factors of m.
2, 23, 113
Suppose -45*x + 52*x = 0. Suppose -1534 = -5*v + 3*i + 1525, 2*v + 5*i - 1205 = x. What are the prime factors of v?
2, 5, 61
Suppose -129165 + 428101 = 22*x. List the prime factors of x.
2, 43, 79
Let q(m) = -m**3 - m**2 - 59. Let t be q(0). Let a = 65 + t. Suppose -a*n + 273 = 75. What are the prime factors of n?
3, 11
Let m(y) = -9 - 26 - 2*y**2 - 6 - 8*y. Let n be m(-8). Let w = 196 + n. List the prime factors of w.
7, 13
Let h = 20829 - 10226. List the prime factors of h.
23, 461
Suppose 3*p + n + 266 = 5*n, -2*n = -4*p - 368. Suppose 17*c - 7854 = -17*c. Let k = p + c. List the prime factors of k.
137
Suppose -4*t + 12 = 4*q, 3*q + 7 = 2*q - 3*t. Suppose -q*u + 6*u = -554. List the prime factors of u.
277
Let z(k) = -67 + 66 + 90*k**2 - 263*k**2 - 81*k**2 + k. Let c be z(1). Let p = c - -362. List the prime factors of p.
2, 3
Suppose 29*g = -2*j + 30*g + 7073, g = -2*j + 7083. What are the prime factors of j?
3539
Let k(b) = b**2 + 7*b - 44. Let x be k(4). Suppose 0*c - 3330 = -5*c - 5*p, -5*c + 4*p + 3285 = x. List the prime factors of c.
661
Let i(w) = -11616*w - 1235. List the prime factors of i(-3).
33613
Suppose -2*q - 2 = 5*z - q, -4 = -4*z + 2*q. Suppose z = d + 5*j - j - 33, -2 = -j. Suppose 3*f - 325 = -d. List the prime factors of f.
2, 5
Suppose 5*q = 2*x - 29, 14 = -q - q + 2*x. Let r = -3 - q. Suppose r*z = -68 + 416. List the prime factors of z.
2, 3, 29
Let j(t) = 6*t - 10. Let m be j(2). Suppose 5*q - 112 = -m*q. Suppose 3*y + f - 44 = 0, -f = -0*y + y - q. What are the prime factors of y?
2, 7
Suppose 3*s = -3*q + 49521, -2*q - 1258 + 34264 = s. What are the prime factors of q?
7, 2357
Suppose -2*f = -8, 4*p + 4*f - 2*f = 40. What are the prime factors of (p/7)/(14/539)?
2, 11
Let f(r) = 7*r**2 - 2*r - 20. Let d(z) = 15*z**2 - 3*z - 41. Let i(u) = 6*d(u) - 13*f(u). Let w be i(9). List the prime factors of (83 - w)/((-6)/(-3)).
3, 13
Let j(x) = -x**3 - 3*x**2 + 19*x + 9. Let c be j(-6). Suppose o + c*y = 2*o - 232, 956 = 4*o - 5*y. List the prime fa